{"id":31,"date":"2021-12-07T23:56:25","date_gmt":"2021-12-07T21:56:25","guid":{"rendered":"https:\/\/maailmakool.ee\/talkpeacefully\/?page_id=31"},"modified":"2022-01-11T16:04:07","modified_gmt":"2022-01-11T14:04:07","slug":"prosze-mow-spokojnie","status":"publish","type":"page","link":"https:\/\/maailmakool.ee\/talkpeacefully\/pl\/","title":{"rendered":"PROSZ\u0118 M\u00d3W SPOKOJNIE"},"content":{"rendered":"<p>Witajcie na kursie, kt\u00f3ry porusza tematy Praw Cz\u0142owieka, Podej\u015bcia Skoncentrowanego na Rozwi\u0105zaniach (SF) i Porozumienia bez Przemocy (NVC).<\/p>\n<p>B\u0119dzie on dla was przydatny, je\u015bli pracujecie z m\u0142odzie\u017c\u0105, ze spo\u0142eczno\u015bci\u0105, jeste\u015bcie edukatorami, nauczycielami, trenerami, prowadz\u0105cymi grupy.<\/p>\n<p>Te dwa podej\u015bcia &#8211; SF i NVC mog\u0105 wyda\u0107 si\u0119 ca\u0142kiem odmienne, a jednocze\u015bnie mog\u0105 si\u0119 dobrze uzupe\u0142nia\u0107, poniewa\u017c oba wsp\u00f3\u0142graj\u0105 z tematem Praw Cz\u0142owieka. Wybrali\u015bmy dwie metody, kt\u00f3re skupiaj\u0105 si\u0119 na rozpoznaniu potrzeb i zasob\u00f3w drugiej osoby oraz ich sprawczo\u015bci wobec zmiany, co prowadzi do wzmocnienia osoby, z kt\u00f3r\u0105 rozmawiamy. Sprawd\u017acie sami!<\/p>\n<div class=\"lms_videowrapper\"><iframe loading=\"lazy\" id=\"lms_videoyt\" src=\"https:\/\/www.youtube.com\/embed\/Yh9hXsIGCko?rel=0&amp;enablejsapi=1&amp;cc_load_policy=1\" width=\"100%\" height=\"100%\" allowfullscreen=\"allowfullscreen\"><\/iframe><\/div>\n<p>Kurs powsta\u0142 jako wynik partnerstwa strategicznego realizowanego dzi\u0119ki wsparciu finansowemu programu Erasmus+, Projekt powsta\u0142 we wsp\u00f3\u0142pracy trzech organizacji: Mondo MTU (Estonia), Ribalon Institute (S\u0142owenia) i KobieTY (Polska).<\/p>\n<p><em class=\"lms_tahoma\">Co-funded by the Erasmus+ Programme of the European Union. The content of the e-course reflects the views only of the authors, and the Commission cannot be held responsible for any use which may be made of the information contained therein.<\/em><\/p>\n","protected":false},"excerpt":{"rendered":"<p>Witajcie na kursie, kt\u00f3ry porusza tematy Praw Cz\u0142owieka, Podej\u015bcia Skoncentrowanego na Rozwi\u0105zaniach (SF) i Porozumienia bez Przemocy (NVC). B\u0119dzie on dla was przydatny, je\u015bli pracujecie z m\u0142odzie\u017c\u0105, ze spo\u0142eczno\u015bci\u0105, jeste\u015bcie edukatorami, nauczycielami, trenerami, prowadz\u0105cymi grupy. Te dwa podej\u015bcia &#8211; SF i NVC mog\u0105 wyda\u0107 si\u0119 ca\u0142kiem odmienne, a jednocze\u015bnie mog\u0105 si\u0119 dobrze uzupe\u0142nia\u0107, poniewa\u017c oba [&hellip;]<\/p>\n","protected":false},"author":1,"featured_media":0,"parent":0,"menu_order":0,"comment_status":"closed","ping_status":"closed","template":"lms-home.php","meta":{"footnotes":""},"class_list":["post-31","page","type-page","status-publish","hentry"],"_links":{"self":[{"href":"https:\/\/maailmakool.ee\/talkpeacefully\/wp-json\/wp\/v2\/pages\/31","targetHints":{"allow":["GET"]}}],"collection":[{"href":"https:\/\/maailmakool.ee\/talkpeacefully\/wp-json\/wp\/v2\/pages"}],"about":[{"href":"https:\/\/maailmakool.ee\/talkpeacefully\/wp-json\/wp\/v2\/types\/page"}],"author":[{"embeddable":true,"href":"https:\/\/maailmakool.ee\/talkpeacefully\/wp-json\/wp\/v2\/users\/1"}],"replies":[{"embeddable":true,"href":"https:\/\/maailmakool.ee\/talkpeacefully\/wp-json\/wp\/v2\/comments?post=31"}],"version-history":[{"count":6,"href":"https:\/\/maailmakool.ee\/talkpeacefully\/wp-json\/wp\/v2\/pages\/31\/revisions"}],"predecessor-version":[{"id":99,"href":"https:\/\/maailmakool.ee\/talkpeacefully\/wp-json\/wp\/v2\/pages\/31\/revisions\/99"}],"wp:attachment":[{"href":"https:\/\/maailmakool.ee\/talkpeacefully\/wp-json\/wp\/v2\/media?parent=31"}],"curies":[{"name":"wp","href":"https:\/\/api.w.org\/{rel}","templated":true}]}}