{"id":29,"date":"2021-12-07T23:55:55","date_gmt":"2021-12-07T21:55:55","guid":{"rendered":"https:\/\/maailmakool.ee\/talkpeacefully\/?page_id=29"},"modified":"2022-01-11T16:08:21","modified_gmt":"2022-01-11T14:08:21","slug":"raagime-rahumeelselt","status":"publish","type":"page","link":"https:\/\/maailmakool.ee\/talkpeacefully\/et\/","title":{"rendered":"R\u00e4\u00e4gime rahumeelselt"},"content":{"rendered":"<p>Tere tulemast veebikursusele, mis h\u00f5lmab inim\u00f5iguste, lahenduskeskse l\u00e4henemise (SF) ja v\u00e4givallatu suhtluse (NVC) teemasid.<\/p>\n<p>See kursus on sulle, kui oled noorsoot\u00f6\u00f6taja, kogukonnaaktivist, koolitaja, \u00f5petaja, haridust\u00f6\u00f6taja v\u00f5i juht m\u00f5nes muus valdkonnas.<\/p>\n<p>Lahenduskeskse l\u00e4henemise ja v\u00e4givallatu suhtlus v\u00f5ivad ehk alguses tunduda v\u00e4ga erinevad teemad, et l\u00e4bida \u00fche kursuse raames, kuid tegelikult t\u00e4iendavad nad \u00fcksteist v\u00e4ga h\u00e4sti. Lisaks sobivad m\u00f5lemad teemad kokku inim\u00f5iguste haridusega. Keerulistel teemadel vestlused n\u00f5uvad h\u00e4id suhtlemisstrateegiaid.<\/p>\n<p>P\u00f5hjus, miks valisime veebikursuseks just need kaks meetodit on lihtne. Selleks, et \u00f5piksime oskuslikult j\u00f5ustama inimesi l\u00e4bi \u00f5ige kuulamise. Keskendudes kaavestleja vajadustele on meie vestlustel j\u00f5udu andev m\u00f5ju.<\/p>\n<p>Veendu selles ise ja alusta kursust!<\/p>\n<div class=\"lms_videowrapper\"><iframe loading=\"lazy\" id=\"lms_videoyt\" src=\"https:\/\/www.youtube.com\/embed\/Yh9hXsIGCko?rel=0&amp;enablejsapi=1&amp;cc_load_policy=1\" width=\"100%\" height=\"100%\" allowfullscreen=\"allowfullscreen\"><\/iframe><\/div>\n<p>See veebikursus loodi Erasmus+ programmi strateegilise partnerlusprojekti tulemusena. Projekti t\u00f6\u00f6tasid v\u00e4lja kolm organisatsiooni: MT\u00dc Mondo (Eesti), Ribaloni Instituut (Sloveenia) ja KobieTY (Poola).<\/p>\n<p><em class=\"lms_tahoma\">Co-funded by the Erasmus+ Programme of the European Union. The content of the e-course reflects the views only of the authors, and the Commission cannot be held responsible for any use which may be made of the information contained therein.<\/em><\/p>\n","protected":false},"excerpt":{"rendered":"<p>Tere tulemast veebikursusele, mis h\u00f5lmab inim\u00f5iguste, lahenduskeskse l\u00e4henemise (SF) ja v\u00e4givallatu suhtluse (NVC) teemasid. See kursus on sulle, kui oled noorsoot\u00f6\u00f6taja, kogukonnaaktivist, koolitaja, \u00f5petaja, haridust\u00f6\u00f6taja v\u00f5i juht m\u00f5nes muus valdkonnas. Lahenduskeskse l\u00e4henemise ja v\u00e4givallatu suhtlus v\u00f5ivad ehk alguses tunduda v\u00e4ga erinevad teemad, et l\u00e4bida \u00fche kursuse raames, kuid tegelikult t\u00e4iendavad nad \u00fcksteist v\u00e4ga h\u00e4sti. Lisaks [&hellip;]<\/p>\n","protected":false},"author":1,"featured_media":0,"parent":0,"menu_order":0,"comment_status":"closed","ping_status":"closed","template":"lms-home.php","meta":{"footnotes":""},"class_list":["post-29","page","type-page","status-publish","hentry"],"_links":{"self":[{"href":"https:\/\/maailmakool.ee\/talkpeacefully\/wp-json\/wp\/v2\/pages\/29","targetHints":{"allow":["GET"]}}],"collection":[{"href":"https:\/\/maailmakool.ee\/talkpeacefully\/wp-json\/wp\/v2\/pages"}],"about":[{"href":"https:\/\/maailmakool.ee\/talkpeacefully\/wp-json\/wp\/v2\/types\/page"}],"author":[{"embeddable":true,"href":"https:\/\/maailmakool.ee\/talkpeacefully\/wp-json\/wp\/v2\/users\/1"}],"replies":[{"embeddable":true,"href":"https:\/\/maailmakool.ee\/talkpeacefully\/wp-json\/wp\/v2\/comments?post=29"}],"version-history":[{"count":10,"href":"https:\/\/maailmakool.ee\/talkpeacefully\/wp-json\/wp\/v2\/pages\/29\/revisions"}],"predecessor-version":[{"id":105,"href":"https:\/\/maailmakool.ee\/talkpeacefully\/wp-json\/wp\/v2\/pages\/29\/revisions\/105"}],"wp:attachment":[{"href":"https:\/\/maailmakool.ee\/talkpeacefully\/wp-json\/wp\/v2\/media?parent=29"}],"curies":[{"name":"wp","href":"https:\/\/api.w.org\/{rel}","templated":true}]}}