{"id":26810,"date":"2022-01-27T15:19:42","date_gmt":"2022-01-27T13:19:42","guid":{"rendered":"https:\/\/maailmakool.ee\/kliimakool\/?page_id=26810"},"modified":"2024-01-08T18:56:35","modified_gmt":"2024-01-08T16:56:35","slug":"muu","status":"publish","type":"page","link":"https:\/\/maailmakool.ee\/kliimakool\/muu\/","title":{"rendered":"Muu"},"content":{"rendered":"<div class=\"wpb-content-wrapper\"><p>[vc_row][vc_column][vc_column_text]<\/p>\n<h1>MUU<\/h1>\n<p>[\/vc_column_text][\/vc_column][vc_column width=&#8221;2\/3&#8243; css=&#8221;.vc_custom_1704732810321{margin-top: 0px !important;border-top-width: 0px !important;padding-top: 0px !important;}&#8221;][vc_column_text]<b>Kui palju energiat teler tarbib?<\/b><\/p>\n<p><span style=\"font-weight: 400;\">Eeldatakse, et teler tarbib sisse l\u00fclitamisel 150 W, mis on normaalne uue 65-tollise OLED-ekraaniga teleri puhul. OLED-ekraanid on k\u00f5ige energiat\u00f5husamad telerit\u00fc\u00fcbid. Vanemad telerid tarbivad tavaliselt rohkem, arvestades sama ekraani suurust. Samas on vanemad telerid \u00fcldiselt ka v\u00e4iksemad, mis teeb oletatava energiatarbimise v\u00e4\u00e4rtuse paljude telerite puhul h\u00e4sti toimivaks.<\/span><\/p>\n<p><span style=\"font-weight: 400;\">\u200b<\/span><b>Kuidas arvutati s\u00fclearvuti ja nutitelefoni tootmisest tulenevaid heitmeid?<\/b><\/p>\n<p><span style=\"font-weight: 400;\">Uue s\u00fclearvuti ja uue nutitelefoni heitev\u00e4\u00e4rtused saadi elektroonikatootjalt Apple ning need h\u00f5lmavad tehases kasutatavat energiat ning tooraine kaevandamise ja t\u00f6\u00f6tlemisega seotud energiakasutust. T\u00e4psemalt oletasime, et telefon on iPhone 7 ja et arvuti on MacBook Pro 15&#8243;, m\u00f5lemad said vastavad heitev\u00e4\u00e4rtused.<\/span><\/p>\n<p><span style=\"font-weight: 400;\">\u200b<\/span><b>Kuidas arvutati teleri tootmisel tekkivaid heitkoguseid?<\/b><\/p>\n<p><span style=\"font-weight: 400;\">Teleri tootmisel tekkivaid heitkoguseid hinnati t\u00fc\u00fcpilise mudeli n\u00e4itel ja hinnates, millistest materjalidest see koosneb. N\u00e4itena kasutame 2017. aasta telerit LG OLED65B7V, mis kaalub 23 kg. Eeldasime, et teler koosneb peamiselt plastist ja r\u00e4nist ning v\u00e4ikestest kogustest erinevatest metallidest. Iga materjali mass korrutati vastava materjali heitev\u00e4\u00e4rtusega. Materjalip\u00f5hised heitev\u00e4\u00e4rtused \u200bn\u00e4itavad, kui palju kasvuhoonegaase eraldub 1 kg materjali kaevandamise ja rikastamise t\u00f5ttu.<\/span><\/p>\n<p><span style=\"font-weight: 400;\">Elektroonika sisaldab palju erinevaid materjale ja heitev\u00e4\u00e4rtused on erinevate materjalide puhul v\u00e4ga erinevad \u200bs\u00f5ltuvalt sellest, kui tavalised nad maakoores on ja kui raske on neid kaevandada. N\u00e4iteks v\u00f5ib m\u00e4rkida, et 1 kg terase tootmine eraldab umbes 2 kg CO\u2082, samas kui plaatina vastav heiten\u00e4itaja on 34 000 kg CO\u2082.<\/span><\/p>\n<p><span style=\"font-weight: 400;\">Eeldasime, et teleri eluiga on 7,5 aastat, ja jaotasime tootmisest p\u00e4rinevad heitkogused kogu kasutusaja peale.<\/span><\/p>\n<p><b>Millised on elektroonikaseadmete tootmise valupunktid?<\/b><\/p>\n<p><span style=\"font-weight: 400;\">Elektroonika tootmisel vajab palju energiat eelk\u00f5ige tooraine (metallide ja r\u00e4ni) kaevandamine, t\u00f6\u00f6tlemine ja rikastamine, mis p\u00f5hjustab kasvuhoonegaaside teket. Lisaks on elektriliste komponentide tootmiseks vaja energiat. K\u00f5iki eespool nimetatud tootmisetappe on arvesse v\u00f5etud. Komponentide kokkupanekut valmistoodetesse siiski ei arvestata, sest k\u00f5rvutades n\u00f5uab see tootmisetapp t\u00fchist energiakogust.<\/span><\/p>\n<p><span style=\"font-weight: 400;\">\u200b<\/span><b>Mida t\u00e4hendab puude istutamise kaardil \u201eseotud CO2 hulk\u201c?\u00a0<\/b><\/p>\n<p><span style=\"font-weight: 400;\">Heitev\u00e4\u00e4rtus on negatiivne, mis t\u00e4hendab, et selle tegevuse abil hoitakse heitkoguseid \u00e4ra. P\u00f5hjuseks on see, et puud neelavad kasvades fotos\u00fcnteesi abil atmosf\u00e4\u00e4rist s\u00fcsinikdioksiidi. Imendunud s\u00fcsinikku s\u00e4ilitatakse puu biomassis nii maapealses osas kui ka maa all. Osa s\u00fcsinikust salvestatakse ka \u00fcmbritsevasse pinnasesse, n\u00e4iteks kui lehed kukuvad puult maha ja lagunevad maapinnal. Puude istutamine ja kasvatamine on seega kliima seisukohast positiivne. Arvestasime kasvum\u00e4\u00e4raks 5,4 m\u00b3 hektari kohta aastas, mis on Eesti keskmine. Tegelikkuses ei neela puud igal aastal sama palju s\u00fcsinikdioksiidi. V\u00e4ikesed noored taimed ei v\u00f5ta endasse sama palju s\u00fcsinikdioksiidi kui suureks kasvades, nii et 5,4 m\u00b3 tuleb pidada aastaseks keskmiseks kogu puu eluea jooksul.<\/span><\/p>\n<p><b>Kuidas arvutati naha heitkoguseid nahast jalan\u00f5ude puhul?<\/b><\/p>\n<p><span style=\"font-weight: 400;\">Lehmanaha heitekoefitsient on arvutatud nn majandusliku jaotamise p\u00f5him\u00f5ttel. Lehm p\u00f5hjustab oma eluea jooksul teatavat kliimam\u00f5ju s\u00f6\u00f6da tootmise ja m\u00e4letsejaliste seedimisest tuleneva metaani heite t\u00f5ttu. Samal ajal saab lehmalt mitut t\u00fc\u00fcpi tooteid, nagu piim, liha ja nahk. Koguheite jaotamiseks eri toodete vahel on erinevaid viise. Siin kasutasime heitkoguste jaotamiseks erinevate toodete majanduslikku v\u00e4\u00e4rtust. Majandusliku jaotamise p\u00f5him\u00f5tte kohaselt jaotatakse heitkogused viisil, mis kajastab erinevate toodete majanduslikku v\u00e4\u00e4rtust. See meetod omistab nahale suhteliselt madala heitekoefitsiendi, kuna nahk on peamiselt piima ja liha k\u00f5rvalsaadus.\u00a0<\/span><\/p>\n<p><span style=\"font-weight: 400;\">\u200b<\/span><b>Arvutusn\u00e4ide \u201eMuu\u201c<\/b><\/p>\n<p><span style=\"font-weight: 400;\">Kolm paari nahast kingi aastas (lehmanahk).<\/span><\/p>\n<p><span style=\"font-weight: 400;\">Sellest tegevusest tekkivate kasvuhoonegaaside heitkoguste arvutamiseks kasutasime j\u00e4rgmisi sisendandmeid.<\/span><\/p>\n<ul>\n<li><span style=\"font-weight: 400;\">Lehmanaha tootmisheide: 88 kg CO\u2082 lehmanaha kg kohta (v\u00e4\u00e4rtus kehtib 2 mm paksuse naha kohta).<\/span><\/li>\n<li><span style=\"font-weight: 400;\">Nahakulu paarile uutele nahast kingadele <\/span><span style=\"font-weight: 400;\">(sh j\u00e4\u00e4tmed):<\/span><span style=\"font-weight: 400;\"> 0,6 kg nahka.<\/span><\/li>\n<\/ul>\n<p><span style=\"font-weight: 400;\">\u00a0<\/span><span style=\"font-weight: 400;\">Esiteks arvutasime \u00fche kingapaari kasvuhoonegaaside heitkogused, korrutades nahakulu uute nahast kingade puhul naha heitekoefitsiendiga. Arvutus n\u00e4itab, et paar uusi nahast kingi tekitab 52,8 kg CO\u2082 (88 kg CO\u2082 lehmanaha kilogrammi kohta \u00d7 0,6 kg nahka). Kolm paari nahast kingi eraldavad seega 158 kg CO\u2082 (52,8 \u00d7 3), mis on kaardil \u00fcmardatud 160 kg-ni.<\/span><\/p>\n<p><span style=\"font-weight: 400;\">Naha kogus, mida on vaja paari uute nahast kingade valmistamiseks, sisaldab naha l\u00f5ikamise t\u00f5ttu j\u00e4\u00e4tmeid. T\u00e4psemalt l\u00e4heb peaaegu 50% nahast raisku.<\/span><\/p>\n<p><span style=\"font-weight: 400;\">\u200b<\/span><b>N\u00e4ite \u201eMuu\u201c viited<\/b><\/p>\n<ul>\n<li style=\"font-weight: 400;\"><span style=\"font-weight: 400;\">Uue telefoni ja arvuti tootmisheitmed: Apple&#8217;i keskkonnaaruanne<\/span><\/li>\n<li style=\"font-weight: 400;\"><span style=\"font-weight: 400;\">Energiakasutus teleri tootmisel: Stobbe (2007)<\/span><\/li>\n<li style=\"font-weight: 400;\"><span style=\"font-weight: 400;\">Energiakasutus lehmanaha tootmisel: Laurenti <\/span><i><span style=\"font-weight: 400;\">et al.<\/span><\/i><span style=\"font-weight: 400;\"> (2016)<\/span><\/li>\n<li style=\"font-weight: 400;\"><span style=\"font-weight: 400;\">Naha kasutamine nahast kingades: Gottfridsson jt. (2015)<\/span><\/li>\n<li style=\"font-weight: 400;\"><span style=\"font-weight: 400;\">Keenia rooside vaba\u00f5hutootmisest tulenev heide: Bohm <\/span><i><span style=\"font-weight: 400;\">et al.<\/span><\/i><span style=\"font-weight: 400;\"> (2013)<\/span><\/li>\n<li style=\"font-weight: 400;\"><span style=\"font-weight: 400;\">Puude istutamisega <\/span><span style=\"font-weight: 400;\">Eestis \u00e4ra hoitud heitkogused: <\/span><a href=\"https:\/\/keskkonnaagentuur.ee\/media\/882\/download\"><span style=\"font-weight: 400;\">https:\/\/keskkonnaagentuur.ee\/media\/882\/download<\/span><\/a><\/li>\n<li style=\"font-weight: 400;\"><span style=\"font-weight: 400;\">Rooside kasvuhoones kasvatamisest tekkiv heide Madalmaades: Arvutused Chalmersi tehnika\u00fclikooli teadlaste v\u00e4lja t\u00f6\u00f6tatud mudelis. Lisateavet mudeli kohta leiate Bryngelsson et al. peat\u00fckist S5. (2016) Kuidas on v\u00f5imalik saavutada ELi kliimaeesm\u00e4rke? Toidu ja p\u00f5llumajanduse anal\u00fc\u00fcs. <\/span><span style=\"font-weight: 400;\">(Vt lisa A. Lisamaterjal)<\/span><\/li>\n<\/ul>\n<p><span style=\"font-weight: 400;\">Elektritootmisest tulenevad heitmed: Ember Eesti energiasektor 2020. Allikas: <\/span><a href=\"https:\/\/ourworldindata.org\/grapher\/carbon-intensity-electricity\"><span style=\"font-weight: 400;\">Elektrienergia CO2-intensiivsus kWh kohta<\/span><\/a><span style=\"font-weight: 400;\">.<\/span>[\/vc_column_text][vc_btn title=&#8221;TAGASI AVALEHELE&#8221; style=&#8221;classic&#8221; shape=&#8221;square&#8221; color=&#8221;black&#8221; align=&#8221;left&#8221; link=&#8221;url:https%3A%2F%2Fmaailmakool.ee%2Fkliimakool%2F%23heitkoguste-arvutused&#8221;][\/vc_column][vc_column width=&#8221;1\/3&#8243; css=&#8221;.vc_custom_1704732816469{margin-top: 0px !important;padding-top: 0px !important;}&#8221;][vc_gallery type=&#8221;flexslider_slide&#8221; interval=&#8221;10&#8243; images=&#8221;27352,27353&#8243; img_size=&#8221;full&#8221; onclick=&#8221;&#8221;][vc_gallery type=&#8221;flexslider_slide&#8221; interval=&#8221;10&#8243; images=&#8221;27355,27356&#8243; img_size=&#8221;full&#8221; onclick=&#8221;&#8221;][\/vc_column][\/vc_row][vc_row][vc_column width=&#8221;1\/2&#8243;][vc_column_text]Kliimakooli m\u00e4ng ja veebileht loodi Euroopa Liidu ja Eesti arengukoost\u00f6\u00f6 finantstoetuse abil. Sisu eest vastutab ainuisikuliselt MT\u00dc Mondo ja see ei kajasta tingimata Euroopa Liidu seisukohti. Kliimakooli algversiooni tootis Klimatkoll Guldheden AB, kujundas Tina Damgaard, illustratsioonid l\u00f5i Hillevi Duus. <a href=\"http:\/\/www.climatecallgame.com\" target=\"_blank\" rel=\"noopener\">www.climatecallgame.com<\/a>.[\/vc_column_text][\/vc_column][vc_column width=&#8221;1\/2&#8243;][vc_single_image image=&#8221;27400&#8243; img_size=&#8221;full&#8221; alignment=&#8221;center&#8221;][\/vc_column][\/vc_row]<\/p>\n<\/div>","protected":false},"excerpt":{"rendered":"<p>[vc_row][vc_column][vc_column_text] MUU [\/vc_column_text][\/vc_column][vc_column width=&#8221;2\/3&#8243; css=&#8221;.vc_custom_1704732810321{margin-top: 0px !important;border-top-width: 0px !important;padding-top: 0px !important;}&#8221;][vc_column_text]Kui palju energiat teler tarbib? Eeldatakse, et teler tarbib sisse l\u00fclitamisel 150 W, mis on normaalne uue 65-tollise OLED-ekraaniga teleri puhul. OLED-ekraanid on k\u00f5ige energiat\u00f5husamad telerit\u00fc\u00fcbid. Vanemad telerid tarbivad tavaliselt rohkem, arvestades sama ekraani suurust. Samas on vanemad telerid \u00fcldiselt ka v\u00e4iksemad, mis teeb oletatava [&hellip;]<\/p>\n","protected":false},"author":1243,"featured_media":27352,"parent":0,"menu_order":0,"comment_status":"closed","ping_status":"closed","template":"","meta":{"footnotes":""},"class_list":["post-26810","page","type-page","status-publish","has-post-thumbnail","hentry"],"_links":{"self":[{"href":"https:\/\/maailmakool.ee\/kliimakool\/wp-json\/wp\/v2\/pages\/26810","targetHints":{"allow":["GET"]}}],"collection":[{"href":"https:\/\/maailmakool.ee\/kliimakool\/wp-json\/wp\/v2\/pages"}],"about":[{"href":"https:\/\/maailmakool.ee\/kliimakool\/wp-json\/wp\/v2\/types\/page"}],"author":[{"embeddable":true,"href":"https:\/\/maailmakool.ee\/kliimakool\/wp-json\/wp\/v2\/users\/1243"}],"replies":[{"embeddable":true,"href":"https:\/\/maailmakool.ee\/kliimakool\/wp-json\/wp\/v2\/comments?post=26810"}],"version-history":[{"count":24,"href":"https:\/\/maailmakool.ee\/kliimakool\/wp-json\/wp\/v2\/pages\/26810\/revisions"}],"predecessor-version":[{"id":27536,"href":"https:\/\/maailmakool.ee\/kliimakool\/wp-json\/wp\/v2\/pages\/26810\/revisions\/27536"}],"wp:featuredmedia":[{"embeddable":true,"href":"https:\/\/maailmakool.ee\/kliimakool\/wp-json\/wp\/v2\/media\/27352"}],"wp:attachment":[{"href":"https:\/\/maailmakool.ee\/kliimakool\/wp-json\/wp\/v2\/media?parent=26810"}],"curies":[{"name":"wp","href":"https:\/\/api.w.org\/{rel}","templated":true}]}}